of 1182 and 18936231.
591
What is the greatest common factor of 4956758 and 1102?
38
What is the highest common factor of 8125656 and 177408?
1848
What is the greatest common factor of 2343 and 9337494?
213
Calculate the greatest common divisor of 76522806 and 333558.
11502
Calculate the greatest common factor of 374 and 61788166.
374
What is the highest common divisor of 3873352 and 74333?
2009
What is the highest common divisor of 5933 and 285787?
17
What is the highest common factor of 380 and 1838288?
76
What is the highest common factor of 5295 and 5391369?
1059
Calculate the greatest common divisor of 10258976 and 1288.
56
Calculate the greatest common divisor of 5510 and 1003616195.
2755
Calculate the greatest common factor of 836767708 and 24234.
8078
What is the greatest common factor of 185265 and 46719?
1611
Calculate the highest common divisor of 2080 and 26072020.
260
Calculate the greatest common divisor of 131014100 and 14.
14
Calculate the greatest common factor of 1141 and 75673891.
163
Calculate the greatest common divisor of 1552 and 2231776.
1552
What is the greatest common divisor of 12587138 and 2?
2
What is the highest common factor of 1584 and 311744?
16
What is the greatest common divisor of 16482 and 5725686?
402
What is the greatest common factor of 100033 and 3841?
167
Calculate the greatest common factor of 80153738 and 1015.
203
Calculate the greatest common divisor of 45960 and 4777.
1
What is the greatest common divisor of 126563850 and 350?
350
Calculate the highest common divisor of 12978 and 149894046.
1854
What is the greatest common factor of 40 and 442580?
20
Calculate the highest common factor of 36 and 15475329.
9
Calculate the greatest common factor of 561683889 and 1053.
1053
What is the greatest common divisor of 618051 and 2443?
7
What is the greatest common factor of 110130636 and 120?
12
Calculate the greatest common divisor of 161070 and 287910.
210
What is the highest common factor of 985265 and 50029?
1021
What is the greatest common factor of 59609 and 4616988?
5419
What is the greatest common factor of 1359693000 and 1080?
1080
What is the highest common factor of 303639 and 56?
7
What is the highest common factor of 81841617 and 93483?
5499
Calculate the greatest common factor of 60 and 898788.
12
Calculate the greatest common factor of 33427800 and 532.
28
Calculate the greatest common factor of 19216361 and 505.
101
Calculate the greatest common divisor of 403 and 83599529.
403
Calculate the highest common factor of 414661 and 835.
167
Calculate the highest common divisor of 156737542 and 26.
26
What is the greatest common factor of 62220 and 480?
60
Calculate the highest common factor of 8624360 and 1010.
10
Calculate the greatest common divisor of 75761 and 1156554.
959
Calculate the greatest common divisor of 301 and 1086309.
301
What is the highest common factor of 44158876 and 15294?
5098
Calculate the greatest common factor of 595 and 17907085.
35
Calculate the greatest common divisor of 15 and 8401755.
15
Calculate the highest common factor of 6501 and 422169.
33
Calculate the highest common divisor of 2859 and 23667.
3
Calculate the greatest common divisor of 9088 and 5490288.
1136
What is the highest common factor of 6857016 and 96?
24
Calculate the highest common factor of 704 and 3414928.
176
What is the greatest common divisor of 1378638 and 575034?
2406
Calculate the highest common divisor of 36448 and 633664.
32
Calculate the greatest common factor of 1406 and 417593248.
1406
What is the highest common factor of 2575704 and 10200?
408
Calculate the greatest common factor of 8326513 and 7295.
1459
Calculate the highest common divisor of 2980033 and 1098.
61
What is the highest common divisor of 2360452 and 296?
148
What is the greatest common divisor of 545032 and 2?
2
What is the greatest common divisor of 94068 and 108036?
36
What is the greatest common factor of 42 and 197228514?
42
What is the highest common divisor of 11610 and 484920?
270
Calculate the highest common divisor of 30635 and 217828775.
2785
Calculate the highest common divisor of 9684610 and 1150.
230
What is the greatest common factor of 32418 and 218214?
18
What is the greatest common factor of 48112 and 106450807?
3007
What is the greatest common factor of 173577339 and 279?
279
Calculate the greatest common factor of 15103117 and 2965.
593
What is the greatest common factor of 186 and 5577384?
6
Calculate the greatest common divisor of 8 and 28062664.
8
Calculate the greatest common factor of 894073401 and 9.
9
What is the highest common factor of 1284 and 55959609?
321
What is the greatest common factor of 307037 and 10574?
17
What is the greatest common divisor of 57615096 and 336?
168
What is the greatest common factor of 255915 and 661155?
165
Calculate the greatest common factor of 2156 and 822668.
308
What is the highest common divisor of 423 and 2696531?
47
Calculate the highest common factor of 12650 and 5229244350.
12650
Calculate the greatest common divisor of 14274025 and 425.
25
Calculate the greatest common divisor of 7533 and 2208719.
31
What is the highest common divisor of 21 and 671470933?
7
What is the highest common divisor of 345433 and 6745567?
1013
Calculate the highest common factor of 60797616 and 4224.
528
Calculate the highest common factor of 4082520 and 4680.
1560
What is the highest common factor of 90434420 and 340?
20
What is the greatest common factor of 2 and 590822?
2
What is the greatest common divisor of 1069 and 1449800249?
1069
Calculate the highest common divisor of 232881 and 7117.
11
Calculate the highest common factor of 1766744 and 20.
4
What is the greatest common factor of 171838 and 40468?
302
What is the greatest common factor of 30667262 and 20008?
5002
What is the greatest common divisor of 486 and 5557086?
162
What is the greatest common divisor of 2745650 and 271450?
4450
Calculate the greatest common divisor of 88286187 and 5478.
2739
Calculate the highest common divisor of 17245169 and 3422.
1711
What is the greatest common divisor of 1027 and 67773310?
79
What is the highest common factor of 65 and 13788190?
65
Calculate the highest common factor of 1581254 and 6965.
199
Calculate the highest common divisor of 809157600 and 24.
24
Calculate the greatest common factor of 14677 and 21375357.
1129
Calculate the highest common factor of 1655109 and 247.
19
What is the highest common factor of 246090 and 3534?
6
Calculate the highest common divisor of 353 and 75024.
1
What is the highest common factor of 3639877 and 725?
29
Calculate the greatest common factor of 4376 and 1638265.
547
Calculate the highest common divisor of 16889896 and 3752.
536
Calculate the greatest common factor of 18837 and 499491.
207
What is the greatest common factor of 9585253 and 458?
229
Calculate the highest common divisor of 1890 and 40757556.
42
What is the highest common divisor of 2682 and 36333?
9
Calculate the greatest common factor of 1667785 and 233240.
595
Calculate the highest common factor of 33 and 1096843.
11
Calculate the highest common factor of 209454 and 2604.
42
What is the highest common factor of 16 and 43672528?
16
Calculate the greatest common divisor of 29561175 and 1050.
525
Calculate the highest common divisor of 822147 and 54.
3
Calculate the highest common factor of 82739784 and 60.
12
What is the highest common factor of 243350 and 8215?
155
Calculate the highest common divisor of 1097446 and 1783726.
602
What is the highest common factor of 788 and 1663696520?
788
What is the highest common factor of 3462646 and 143?
11
Calculate the greatest common divisor of 727028 and 452.
4
Calculate the greatest common factor of 76 and 1805798.
38
What is the highest common divisor of 4738 and 21119635?
2369
Calculate the greatest common divisor of 724039 and 33401.
263
What is the greatest common divisor of 3651578 and 7546?
686
What is the highest common factor of 28359 and 613962?
207
What is the highest common factor of 325 and 216275?
25
What is the greatest common divisor of 9309201 and 99?
33
Calculate the greatest common factor of 362312892 and 9396.
3132
What is the greatest common divisor of 1261 and 72591308?
97
Calculate the highest common facto